-55*t + 37. Let r(g) = 28*g - 19. Let y(n) = -2*k(n) - 5*r(n). Is y(m) prime?
False
Suppose 2*v - 3006 - 2404 = 0. Is v a composite number?
True
Let g = 12603 + -8804. Is g a composite number?
True
Let j(c) = -12*c + 27. Let u be j(3). Let i(d) = -100*d - 37. Is i(u) prime?
True
Let h(g) = -832*g + 49. Is h(-4) a composite number?
True
Let g = -13 + 31. Let n be 10214/(-6) + 6/g. Let u = -1029 - n. Is u prime?
True
Let o(d) = -d + 26. Let a be o(19). Let u(q) = -q**2 + 7*q + 1. Let s be u(a). Is -5*1486*s/(-10) composite?
False
Let c = -9 - -11. Suppose c*i = -39 - 79. Let b = i + 124. Is b composite?
True
Suppose -2159604 = -41*z + 5*z. Is z prime?
False
Let g = -16 - -19. Suppose 5*m - 10 = 0, o - 22 = -o + g*m. Is (-35)/o*(-102)/5 prime?
False
Suppose 0 = -83*c + 77*c + 1554. Is c a prime number?
False
Let f(d) = -d**3 - 21*d**2 - 24*d + 78. Let j be f(-24). Suppose -z - 5*z = -j. Is z a prime number?
True
Let j(y) = 701*y + 63. Is j(6) a prime number?
False
Let r be 3*-2*1/2. Let l(z) = 456*z + 95. Let t(k) = 19*k + 4. Let b(h) = -4*l(h) + 95*t(h). Is b(r) prime?
False
Suppose -2*n + 52 = -72. Let i be (8/8)/(3/(-123)). Let d = i + n. Is d composite?
True
Let c(h) be the first derivative of -31*h**2 - 7*h + 21. Is c(-5) prime?
False
Let y(b) = b**3 - b**2 + 6*b + 12. Let a be y(-11). Is (76/57)/((-4)/a) prime?
False
Suppose 1113 = -7*d + 9674. Is d prime?
True
Suppose v - 2 = 8. Suppose 3*u - u - v = -2*l, 5*l = 3*u - 23. Suppose -y = -2*r - u*y + 1500, 4*r = -5*y + 2990. Is r a prime number?
False
Let g be ((-2)/4)/(5/(-40990)). Let l = -2373 + g. Is (1/(-2))/((-1)/l) a composite number?
False
Suppose -3*c + 24 = 4*s, 18 = 3*s - 8*c + 4*c. Suppose 17 = s*b - 1177. Is b composite?
False
Let z = 99 + -134. Suppose 6*k - 3*k + 3558 = 0. Is k/(-10) - 14/z prime?
False
Let m(g) = g**2 + 3*g + 2. Suppose 3*t + 15 = 3*z - 6*z, -3*z - 17 = 4*t. Let l be m(t). Suppose l = 4*y - 8 - 84. Is y a composite number?
False
Let v be (0 - (-5 + 6)) + 436*2. Let x = v + -606. Is x composite?
True
Let w(v) = -v**3 + 12*v**2 + 14*v - 12. Let k(u) = -u**2 - 8*u - 2. Let y be k(-5). Let g be w(y). Let r(j) = 188*j - 1. Is r(g) a prime number?
False
Let u(a) = 3570*a**3 + a**2. Is u(1) prime?
True
Let q be ((-4)/2)/((-2)/(-1963) - 0). Let y = 4424 + q. Is y a composite number?
True
Suppose 0 = 111*m - 1660714 + 565033. Is m composite?
False
Suppose 887*u - 886*u - 5981 = 0. Is u a composite number?
False
Suppose 2 = -d - 4*d + 2*c, 3*c = -2*d + 3. Suppose -2*n + 288 = l, d*l + 584 = 2*l - 4*n. Suppose 8*q - l = 6*q. Is q a prime number?
False
Let l = 93 - 82. Suppose l*d = 3167 - 406. Is d a prime number?
True
Let m(j) = 33*j - 23. Suppose -s + 43 = 4*o, 3*o + s - 46 = 3*s. Is m(o) composite?
False
Suppose -9*d + 5*d - n + 58538 = 0, 2*d = 2*n + 29274. Is d a composite number?
True
Let j(c) = 58*c**2 - 7*c - 35. Is j(-6) composite?
True
Let x be 28/(-5) + 1 - 8/20. Is -3*(-4)/6 - 199*x a composite number?
False
Let d(u) be the first derivative of 91*u**2 - 3*u - 15. Is d(5) a prime number?
True
Suppose 2*o - 6101 = -659. Is o composite?
True
Suppose -3*u - 12 = -3*p, -6*p - 5*u = -4*p - 8. Suppose 9*z = p*z + 490. Suppose -z = -x + 5*k, 3*k - 518 = -5*x - 0*x. Is x a prime number?
True
Let l(c) = 40*c**2 + 101*c - 44. Is l(15) a composite number?
True
Let b be (6/(-4))/((-9)/18). Suppose 3*u - b*i = 0, -3*i = -4*u + 2*u + 2. Let m(y) = 31*y**2 - 1. Is m(u) a prime number?
False
Suppose 5 = -4*f + 2*r - 1, 4*f + 5 = 3*r. Let s be (-8 + 9)/(f/(-4)). Is s*(3180/8)/3 a prime number?
False
Suppose -40319 = 6*m - 29*m. Is m prime?
True
Suppose f = 1005 - 314. Is f a prime number?
True
Suppose n + 0*x - 18 = 3*x, 4*x + 13 = n. Let k = n + 0. Is k a prime number?
False
Suppose -3*o - 77 = -10*o. Suppose -o = 5*b - 1. Is b/7 + 3686/14 composite?
False
Let n(l) = 6544*l**2 - 8*l - 43. Is n(-4) a composite number?
False
Let t(w) = 79*w + 66. Let p(a) = -a - 1. Let s(b) = -2*p(b) - t(b). Is s(-19) a composite number?
False
Let j(g) = g**2 + 18*g - 23. Let i(k) be the first derivative of 9*k**2/2 - 12*k + 1. Let s(z) = -5*i(z) + 2*j(z). Is s(11) composite?
False
Suppose -2*c - 4*t = 0, -2*t = 4*c + 2*t. Suppose 4*z + c*y = -y + 711, -z - 3*y + 175 = 0. Is z composite?
True
Let s be (-273)/12 - 6/24. Let y = 17 + s. Is (y/9)/(10/(-22215)) composite?
False
Suppose -2*v + 4 = 2*n, 3*n - 3*v + 6 = -0*v. Suppose -u = 2*x + 2*u + 6, n = -x + 5*u - 16. Is 3 + x - -34*1 a prime number?
True
Let c(i) = -66*i**2 - 14*i + 35. Let g(y) = 198*y**2 + 41*y - 104. Let u(f) = 8*c(f) + 3*g(f). Is u(5) composite?
True
Suppose -p + 6*p = -4*y + 31186, 2*y = 4*p + 15606. Is y prime?
False
Let c(i) = 1042*i + 345. Is c(17) composite?
False
Let h = 76 - 82. Is (0 - -1)*(375 - h) a composite number?
True
Let o = -21 - -33. Let s = o - 9. Suppose -8*w - 331 = -2*k - s*w, 0 = 2*k + w - 325. Is k a composite number?
False
Let t(l) = 5*l**2 - 49*l + 5. Let c be t(14). Let r(p) = -p**3 + 2*p**2 + 2*p - 1. Let q be r(3). Is q + 2 + c + -2 composite?
True
Let a(d) = 209*d - 273. Is a(8) composite?
False
Let f be (-1)/(-1) + -1 + 0. Suppose f = i - 5*s + 2099, 2*i - 5*s - 10585 = 7*i. Is i/(-10) - 4/10 composite?
False
Let a(j) = -j**3 - 2*j**2 - 2*j + 20. Let h be a(0). Is (1069/(-2))/(h/(-40)) composite?
False
Let x = -328259 - -93927. Is 1/(-3) + x/(-42) composite?
True
Is 10/12 - 4232844/(-648) prime?
False
Let o = 52532 - 26111. Is o composite?
True
Suppose -11*r + 9961 = 2360. Is r prime?
True
Let j(u) = 3*u - 2*u - u - 3*u. Let m be j(-1). Suppose a = -4*p + 811, -443 = -4*p - m*a + 366. Is p composite?
True
Let s(u) = u**3 + 9*u**2 - 23*u - 6. Let y be s(-11). Suppose b + b + v = 2161, -y*b - 2*v = -5404. Is b composite?
True
Suppose 376*s = 381*s - 173395. Is s composite?
False
Suppose 2*i = -0*i - 458. Let j = 406 + i. Suppose -j = 3*t - 4*t. Is t composite?
True
Let r = -28 - -34. Suppose 12 = -u - r. Is 4/u - 1408/(-99) prime?
False
Suppose 0 = 17*m - 12*m, 2*q - 4*m = 15562. Is q a prime number?
False
Let n(v) = 19*v - 59. Let x be n(21). Suppose 1722 = 2*w + x. Is w prime?
True
Let z = 7 - 2. Let u(f) = -27*f**3 + 4*f**2 - 3*f - 7. Let r be u(-3). Suppose -z*n - r = -2992. Is n prime?
False
Suppose -3 = 2*x - 11, -16345 = -5*l - 5*x. Is l prime?
False
Suppose 2*x - 50 = 32. Let o = -80 + x. Is (o/9)/(-1)*15 a prime number?
False
Let l = 1813 + -1220. Suppose 5*s = d + l + 14019, -4*s = -2*d - 11686. Is s a composite number?
True
Let q = -140245 - -225404. Is q a composite number?
False
Let k(q) = q**3 - 8*q**2 + 2*q - 1. Suppose v + 1 + 1 = -2*f, 4*f = 2*v - 36. Is k(v) composite?
True
Let l(y) = 3 - 29*y + 1 + 7 - 13. Let a be l(-7). Suppose -3*j + 0*j = -a. Is j a prime number?
True
Suppose 4*t - 27 = 3*q, -t + q - 2 = 2*q. Suppose t*o - 8 = 10. Let a(b) = 7*b**2 + 2*b - 1. Is a(o) a prime number?
True
Let b be (1 - (2 - 2))*(-2905 + 11). Let x = b - -5397. Is x a prime number?
True
Let k(m) = -1090*m + 4. Let o be k(1). Let a = o + 1993. Is a a composite number?
False
Suppose 5*z - 20 = 0, 14*z - 19*z = -5*k + 46115. Is k a prime number?
True
Let m(s) = -s - 3*s + 4*s**2 + 2*s - 5*s**3 - 5*s + 4. Let g be m(-6). Suppose 0 = 5*l - 5*o - g, l + 3*o + 114 - 380 = 0. Is l composite?
False
Let u = 9595 + 5202. Is u a prime number?
True
Let j = 3 - 2. Let b be (8/(-10))/(j/30). Is ((-88)/b)/(2/12) prime?
False
Suppose -2*g + 475 = -g. Let m(j) = -j**2 - j - 38. Let v be m(7). Let i = g + v. Is i composite?
True
Let u = -202 - -109. Let w = u + 133. Suppose -5*h + 385 = -w. Is h composite?
True
Let s(v) = -327*v + 5. Let f be s(6). Let q = -468 - f. Suppose 0 = 2*r + 10, 0 = 4*h - 0*h - r - q. Is h prime?
False
Let k(z) = 3965*z**2 - 9*z - 9. Is k(-2) a prime number?
False
Let i = -936 + 1567. Is i a prime number?
True
Let g(o) = 8*o + 18 - 17 + 23*o**2 - 10. Is g(-8) a prime number?
True
Is 6 + (-13)/(104/(-12544)) composite?
True
Suppose d - 3*a - 1151 = 0, -3*d + 3290 + 189 = 4*a. Is d prime?
False
Suppose -3*u + 419 = -310. Suppose 0 = -j, -5*j = -3*h + u + 390. Is h a prime number?
True
Let y = -20 + 23. Is (-9)/y + -1 + 1197 a prime number?
True
Suppose 4*z + 4*c = 8*c + 80, -c = -3*z + 58. Let r(v) = v**2 - 10*v. Let w be r(10). Let n = w + z. Is n composite?
False
Is 4*(-7 + 8) - (-4